 -5d - 19?
-78
In base 6, what is -20 + -35?
-55
In base 14, what is -28 + 0?
-28
In base 8, what is 2 - 316?
-314
In base 14, what is -2 - 177c?
-1780
In base 15, what is -1e3 + 2?
-1e1
In base 2, what is 111010 + 1000000?
1111010
In base 8, what is -21 + -315?
-336
In base 12, what is 3 - -3a8?
3ab
In base 4, what is -21020 - 12?
-21032
In base 6, what is -553 - 23?
-1020
In base 6, what is -12240 - 1?
-12241
In base 6, what is -5405 + -5?
-5414
In base 9, what is 175 + -2?
173
In base 12, what is 3b5 + -4?
3b1
In base 7, what is -10 + 30?
20
In base 11, what is 5 - 2?
3
In base 6, what is 40211 + 1?
40212
In base 8, what is -730 - 4?
-734
In base 7, what is -2 - 111?
-113
In base 5, what is -11 + -310?
-321
In base 12, what is 4 - 14?
-10
In base 11, what is -4 + -1914?
-1918
In base 14, what is 47 - 3?
44
In base 2, what is 1010 + -111100111?
-111011101
In base 6, what is 10451 - 0?
10451
In base 4, what is -1 - 122202?
-122203
In base 10, what is 302 + -2?
300
In base 2, what is -1110000 + 1?
-1101111
In base 16, what is 1b2e - 3?
1b2b
In base 3, what is -11 + 110100?
110012
In base 11, what is 12743 - -5?
12748
In base 14, what is -52c - 4?
-532
In base 16, what is -3 - -54?
51
In base 6, what is -51230 + 0?
-51230
In base 14, what is -c4 + -3?
-c7
In base 13, what is -5 - 55?
-5a
In base 15, what is 10 - 163?
-153
In base 5, what is 40040 - 11?
40024
In base 11, what is 3 + 2a?
32
In base 12, what is -1 + 113?
112
In base 4, what is 2313 + 11?
2330
In base 7, what is 1 + -1506?
-1505
In base 11, what is -102 - -12?
-a0
In base 11, what is -8 + -4?
-11
In base 9, what is 1635 + -4?
1631
In base 9, what is 722 - 58?
653
In base 16, what is 1 + -67?
-66
In base 13, what is -365 + 3?
-362
In base 10, what is -314 + 4?
-310
In base 16, what is d11b + 1?
d11c
In base 15, what is -8 - -19?
11
In base 9, what is 18 - 1470?
-1451
In base 16, what is c7d - 4?
c79
In base 7, what is 3565 - 4?
3561
In base 3, what is -112 + -11?
-200
In base 12, what is 36 - 105?
-8b
In base 6, what is -114 - -254?
140
In base 14, what is ad - 28?
85
In base 3, what is 200 + 11?
211
In base 13, what is -2 + 28?
26
In base 2, what is -10 + -10011010?
-10011100
In base 7, what is 125 - 3?
122
In base 7, what is -314 - 4?
-321
In base 10, what is -900 + 2?
-898
In base 14, what is 152 - 3?
14d
In base 13, what is -5 + 1028?
1023
In base 6, what is -3 - 3153?
-3200
In base 3, what is -11 + -1112?
-1200
In base 7, what is 364 + 5?
402
In base 12, what is -9 + -b?
-18
In base 8, what is 3 - 43?
-40
In base 6, what is -55150 + -1?
-55151
In base 11, what is 1747 + -3?
1744
In base 10, what is -450 - 5?
-455
In base 16, what is 12df + 0?
12df
In base 10, what is -60 - -4?
-56
In base 10, what is 3 + 797?
800
In base 9, what is 15 + -34?
-18
In base 8, what is -2 - 1336?
-1340
In base 12, what is -a973 - 4?
-a977
In base 2, what is 111000100111 - -1?
111000101000
In base 9, what is -17034 + -2?
-17036
In base 13, what is -abc - 0?
-abc
In base 4, what is 10 - -112?
122
In base 14, what is 1 + -244?
-243
In base 6, what is 5 - 252?
-243
In base 14, what is 1 + -2?
-1
In base 16, what is -13 - -e?
-5
In base 5, what is -12321 - 0?
-12321
In base 15, what is -2 - -446?
444
In base 8, what is 4 - -366?
372
In base 16, what is -6 + -37?
-3d
In base 7, what is 34 + -1?
33
In base 11, what is -a - 5?
-14
In base 7, what is 5243 + -1?
5242
In base 12, what is -5 - b4?
-b9
In base 4, what is -121 - -100?
-21
In base 4, what is 132 - -1313?
2111
In base 15, what is 5 - -b?
11
In base 2, what is -100 - -1010100000?
1010011100
In base 9, what is 2 - 1604?
-1602
In base 13, what is -a - -27?
1a
In base 11, what is -4 + -258?
-261
In base 5, what is 11 - 130?
-114
In base 8, what is 0 - -411?
411
In base 13, what is 842 + 2?
844
In base 9, what is 2 + 18?
21
In base 5, what is -4 + 223134?
223130
In base 3, what is -10 + 2110100?
2110020
In base 8, what is -740 - -3?
-735
In base 14, what is -19 - -6?
-13
In base 14, what is 6 - -b?
13
In base 13, what is 1112 + -4?
110b
In base 5, what is 421 - -12?
433
In base 13, what is -86 - -2?
-84
In base 3, what is -1 + 11?
10
In base 7, what is -365 - 1?
-366
In base 16, what is -78 - -4?
-74
In base 9, what is 114 + -5?
108
In base 10, what is 0 - -231?
231
In base 6, what is 0 + 114?
114
In base 12, what is -2 + 372?
370
In base 5, what is 113 - -2?
120
In base 9, what is -16 - -57?
41
In base 6, what is 2 + -311?
-305
In base 2, what is -111010111 + -10000?
-111100111
In base 4, what is -1 - 123132?
-123133
In base 2, what is 101 - -1110011011100?
1110011100001
In base 15, what is -1 - -148?
147
In base 9, what is -1 - -44?
43
In base 8, what is 0 + -12327?
-12327
In base 3, what is 11021 - 2?
11012
In base 7, what is -2 + 65?
63
In base 10, what is -28 + 1?
-27
In base 3, what is -1 - 210001?
-210002
In base 10, what is -591 - -1?
-590
In base 2, what is -10 - 1011101?
-1011111
In base 16, what is 3b + -2?
39
In base 10, what is -18576 + 1?
-18575
In base 2, what is -101 - 1011010100011?
-1011010101000
In base 3, what is -12 + 11?
-1
In base 11, what is -80a - -1?
-809
In base 14, what is 5 - 934?
-92d
In base 6, what is 13 + -135?
-122
In base 4, what is -1030 + -102?
-1132
In base 6, what is 1410 + -3?
1403
In base 10, what is 3 + -73?
-70
In base 9, what is -4 + -233?
-237
In base 15, what is b + -1?
a
In base 10, what is -2 - -373?
371
In base 13, what is 1 - -762?
763
In base 12, what is 34 - 6?
2a
In base 11, what is 141 + 5?
146
In base 2, what is -110 + -10101?
-11011
In base 13, what is b + -19?
-b
In base 4, what is 111 + 202?
313
In base 15, what is -e7 + -a?
-102
In base 9, what is 2 + 864?
866
In base 5, what is -1 + -34303?
-34304
In base 7, what is -1 - -51?
50
In base 5, what is -211323 - -2?
-211321
In base 2, what is -1 + 1101?
1100
In base 6, what is 23155 - -4?
23203
In base 2, what is -1000010 - -1?
-1000001
In base 12, what is 1282 + 4?
1286
In base 5, what is 0 + -134?
-134
In base 4, what is -10200 - -3?
-10131
In base 15, what is 90 + 1?
91
In base 16, what is -a + -386?
-390
In base 8, what is -7 - -351?
342
In base 9, what is 0 - -2174?
2174
In base 3, what is -11021 - -110120?
22022
In base 5, what is 402132 + -2?
402130
In base 6, what is -2 + 454?
452
In base 2, what is -101 + -1100?
-10001
In base 10, what is 0 - -57?
57
In base 9, what is -10 - 41?
-51
In base 5, what is 1 - -1034?
1040
In base 15, what is 1 + -35d?
-35c
In base 6, what is -443 - -3?
-440
In base 2, what is -100 - -11101?
11001
In base 14, what is -17 - -66?
4d
In base 10, what is -281 - 1?
-282
In base 9, what is 36 - -4?
41
In base 7, what is 1 - -1533?
1534
In base 11, what is 4 - 1a96?
-1a92
In base 5, what is 4 + -11132?
-11123
In base 14, what is 1 - -1406?
1407
In base 11, what is -4 + 195?
191
In base 12, what is -3073 - 0?
-3073
In base 15, what is -1b - -3?
-18
In base 14, what is 5a + -1?
59
In base 8, what is -1 - 77?
-100
In base 12, what is -17 + 2?
-15
In base 10, what is -1 + 57?
56
In base 2, what is 100110100 + 1111000?
110101100
In base 2, what is -111101110 + 11?
-111101011
In base 12, what is a1 + -15?
88
In base 7, what is 6 - -1213?
1222
In base 12, what is -3 + -123?
-126
In base 9, what is 218 + 0?
218
In base 11, what is -40 + 129?
99
In base 7, what is -2131 + 2?
-2126
In base 12, what is -871 + 3?
-86a
In base 2, what is 1 + 11111001001?
11111001010
In base 4, what is -2122 - -22?
-2100
In base 7, what is 26 + -53?
-24
In base 2, what is 100 + -1001101?
-1001001
In base 2, what is 1000 + 1000101?
1001101
In base 13, what is -c81 - 1?
-c82
In base 5, what is -11 - 12420?
-12431
In base 3, what is 10002210 - 2?
10002201
In base 16, what is 3b + -31?
a
In base 12, what is 17 + 3?
1a
In base 12, what is 279 + -13?
266
In base 15, what is -bd6 + 3?
-bd3
In base 13, what is 11 - -774?
785
In base 12, what is -29 + -a0?
-109
In base 10, what is -204 - -23?
-181
In base 9, what is 1 + 4174?
4175
In base 10, what is -500 - 43?
-543
In base 12, what is 4 - 1194?
-1190
In base 11, what is -6 - 57?
-62
In base 11, what is -31 + -4?
-35
In base 8, what is -4 + -7?
-13
In base 4, what is -30320 + 111?
-30203
In base 7, what is 2653 + -4?
2646
In base 16, what is -5d4 + 5?
-5cf
In base 11, what is -47a + -1?
-480
In base 8, w